1430)?
47
What is the value of -17 + (20 - -10) + 20 + (2 - 1)?
34
Evaluate (-26 - 1) + (10220 - 10250).
-57
(-1 - (7 - 5)) + -71 + -1 + 21 + -15
-69
What is 176 - (26 + 16) - 70?
64
Calculate 4 - 1 - (27 + (-5 - -21)).
-40
Evaluate -1 + -85 + 4370 + -4291.
-7
Calculate 111 + 62 - 156 - (1 - -8).
8
What is 99 - (78 + -35) - 56?
0
What is the value of (1 - (7 - (-30 + 26))) + -10?
-20
What is the value of 51 + (-22 + 15 - 43)?
1
What is (-214 - (-69 + -67)) + 10?
-68
Evaluate 38 - 36 - (24 + 29).
-51
What is -40 + 18 + 1 + (0 - -1)?
-20
What is the value of 6 + (-16 - (35 + -25)) + 4 - 11?
-27
Calculate -64 + (87 - -19) + -76.
-34
Evaluate 86 + (-87 + 82 - (6 - (2 + (-1 - -1)))).
77
What is the value of (65 - -31 - 22) + -30 - 0?
44
Calculate 26 + (-8 + 10 + -19 - -53).
62
Calculate 15703 + -15705 - ((0 - -1) + -47).
44
Evaluate 1 + (52 - 73) + 43 + 0.
23
-58 + 31 + -36 + 14 + -2
-51
Calculate (2 + -2 - 12) + 60 + (-28 - 24) - -53.
49
Evaluate 29 + 0 + -24 - (0 + 70 - 14).
-51
23 + (-2 - -9 - (113 + -66))
-17
Evaluate (-444 - (326 - 764)) + -22 + -1.
-29
Evaluate 3 + 2 - (2 - 0) - 11.
-8
What is -203 + 136 + 51 - ((2 - 1) + -28)?
11
(-1 - 38) + 14 + -11 + 28 + -31
-39
What is the value of -4 + (-7 - -8 - -12) - (-20 + -41)?
70
Calculate (-2 + (-1 - -2) - -8) + (13 - (553 + -494)).
-39
What is (-66 + (63 - 45) - -51) + -21 + 2?
-16
What is the value of 19 + (54 - 65) - -40?
48
What is the value of 9685 - 9691 - (56 - 1)?
-61
Calculate -48 - (-44 + 3 + 32).
-39
Calculate -3 + (-7 - (8 + -30)) + -93 + -1.
-82
-17 + (-6 - -3) - (36 - (151 - 29))
66
What is -60 + 1 - (3364 - 3392)?
-31
Evaluate -18 - 13 - (959 - 968).
-22
What is 59 + (45 - (-55 + 63))?
96
-97 + (170 - 55) - (114 - -2)
-98
What is (15 - (-7 - (-50 - -12))) + 6 + 1?
-9
What is (-134 - -229) + (-1 - 36)?
58
Evaluate 146 - (87 - 54) - 207.
-94
Evaluate 30 - 0 - (100 + 13).
-83
Evaluate -7 - 59 - (38 - (72 - 40)).
-72
What is 7 + 229 + -81 + -125 + -1 + 15?
44
(-66 - -65) + -76 - (4 + 2 + -3)
-80
What is the value of (-6 - -3 - 0) + (3 - (-1 + 6) - 40)?
-45
Calculate (-22 + 22 - (-1 - -4)) + -11 + -5.
-19
What is 40 - (9 - -31 - (-5 + 36))?
31
Evaluate 5 + (-3 - 32 - -1).
-29
What is -1 + 1 + -11 - (480 - 471)?
-20
What is 12 - ((-32 - -65) + -36)?
15
What is 103 - 1 - (118 + 162 + -295)?
117
Calculate -1340 + 1366 - (18 - (0 + 2)) - 22.
-12
What is -27 - (-19 + 22) - -16?
-14
Evaluate -8 + 4 + 5 - (0 - (-26 - -11) - 112).
98
Calculate 9 + (-11 - (-17 + 12) - (3 + 4)) + -8.
-12
What is 72 - ((-41 - -49) + 44)?
20
Evaluate -239 + (43 - -208) + (-28 - -1).
-15
142 - 1 - (211 + -128)
58
What is (-2 - 0 - (-25 + 33)) + (-16 - -28) + 37?
39
What is the value of (26 + 110 - 47) + -123?
-34
Evaluate -53 + (1 + 0 - 5) + (32 - (-66 + 85)).
-44
Calculate -46 - (2 - 35 - (133 - 183)).
-63
Evaluate (3 - 6) + -59 + 51 + (52 - -12).
53
Evaluate 1 + 2 - (39 - -89 - (-4 - (-18 + -2))).
-109
What is 76 - (65 - (-63 + 21))?
-31
(28 - -1) + -32 + -8 + 91 + -4
76
Evaluate -47 + (-1 + 8 - (-156 - -153 - (0 + -3))).
-40
Calculate 6 - ((-61 - -84) + 56).
-73
Evaluate (1 - -18) + (-31 - (-29 + -17)).
34
Evaluate 8 + 4 + 10 + -15 + -9.
-2
Evaluate -22 + -4 + 38 - 3 - -1.
10
What is -8 + (-15 - -7) + -3 + 47?
28
What is the value of (-52 - -3) + (-151 - -208)?
8
What is the value of 2 + (7 - 2) - (-41 + 18 + 3 - -45)?
-18
What is the value of (-104 - -19) + (60 - 19)?
-44
What is -111 - (62 - 155 - -31)?
-49
11 - (4 - (20 + -26)) - 78
-77
Evaluate 4 - (-1 - -3 - -9) - (-6 + -52 + 28).
23
What is the value of 40 - 69 - (2 + -6 - (1 + 8))?
-16
(5 - -140) + 19 + 0 + 12 + -18 + -16
142
What is the value of 11 + 184 + -193 + (0 - -9) + 24?
35
What is (-2 - -99 - (-20 + 11 - -11)) + (108 - 116)?
87
16 - 41 - -42 - ((-9 - -34) + -7)
-1
What is -13 - (12 + (-76 + 69 - (-8 + 1)))?
-25
-62 - (-53 + 46 + (3 - 2 - -9)) - -5
-60
Evaluate -28 + (9 - (-83 - -76 - (0 - 3))).
-15
What is the value of 28 - -1 - (-36 + 41 + (1 - 0) - 16)?
39
-99 + 290 + (130 - 172)
149
-40492 - -40428 - (-1 - (8 + 2 + -1))
-54
Evaluate (414 - 402) + -48 + 1.
-35
What is the value of (148 + 30 - 103) + -72?
3
What is 6 + -14 - 0 - ((1 - -46) + 6 - 3)?
-58
What is the value of 5 + -22 + 12 - -58?
53
What is the value of -10 - (14 - (3 + 4 - (-41 + 6)))?
18
Evaluate -7 + 11 + -13 + 11 + (2 - 13) - 101.
-110
What is the value of (-4 - (0 - (9 + 7))) + -2?
10
What is 3 + (4 - 7) + -2 + -355 + 367?
10
Evaluate 14 - (-2 - 10 - (-41 - (5 - 24))) - 8.
-4
Calculate 9 - (0 - (-5 - -13)) - 17.
0
What is -1 - 0 - ((6 - (-5 + 0)) + -36 + 25)?
-1
Calculate (-28 - (-120 - -99)) + 5 + 0.
-2
Calculate 6 - 15 - -14 - -3 - -46 - -10.
64
61 + -79 + (-6 - (8 - 3))
-29
Evaluate -117 - (-47 + -76) - (41 + (1 - 1)).
-35
Evaluate (3 + 6 - (-13 - -64)) + 20 + -76.
-98
Calculate 15 - (-113 - (-107 + 61 - -43 - (-6 + 0))).
131
What is the value of (0 - -8) + (-81 - (13 - 7)) + (16 - -2)?
-61
Calculate (0 - -84) + -2151 + 2104.
37
Calculate -1564 + 1592 + (-4 - (-15 + -4)).
43
Calculate 1200 - 1140 - (1 + 18 + 2).
39
What is 0 + (2 - 3) + -253 + 584 + -336?
-6
What is the value of -1 + 13 + -32 + -8 + -23 + 45 + 4?
-2
Evaluate 10 - ((26 - (-24 - -37)) + (1 - 20)).
16
What is 11 + (-33 + -14 + 91 - -20)?
75
Calculate 2 + 3 - (-1231 - -1196).
40
217 - 218 - ((-3 - -10) + 5)
-13
Evaluate -45 + (-28 + -1 - -11 - -20 - 13).
-56
34 + -5 + 27 - 85
-29
Evaluate -62 - ((3 - (7 - 5)) + (-27 - (-12 + -14))).
-62
Calculate (-12 - (-17 - -7)) + (-1 - 1) - 12.
-16
Evaluate (35 - 2) + (-2 - -13 - 19) + 16 - 2.
39
What is the value of (-2 + -6 - -18 - 2) + (-85 - -8)?
-69
What is the value of 725 + -915 + 1 + 38 + (-6 - -3 - -8)?
-146
Calculate -1 - 44 - (-4 - (5 - 2 - -4)) - 8.
-42
Calculate (35 - 50) + -10 + 71 + -17.
29
What is -62 + (0 - -3) + 0 - (16 - (-28 + 50))?
-53
What is (-16 - (15 - 172)) + (-9 - (6 + -4 + 0))?
130
What is (-63 - -26) + (-4 - 0 - (1 - (-2 + 7)))?
-37
16 + (-1 - (-13 - (4 + -4))) + -9
19
(42 - 206) + (36 - 2) - -13
-117
43 - -6 - -29 - 54
24
88 + 71 + -87 + 41
113
What is the value of (18 - 25 - (-2 + 0)) + 52 + -14?
33
What is the value of 63 - (33 - (6 + -6))?
30
Evaluate -6 - (18 + -45 - (0 + -36)).
-15
What is (2 - (7 - 5)) + -12 + 282 + -306?
-36
Evaluate -52 - (-35 + 87 - -23).
-127
(1 - (7 + 6)) + (-16 - 11) - (-9 + -2)
-28
(-6 + (-6 - -33) - 52) + 50
19
What is 3 - (-1 + 2) - 6 - (-321 + 392 - 12)?
-63
-81 - 1 - (103 - 105) - (-1 + 2)
-81
Calculate (-387 - -384) + (11 - -5).
13
Evaluate -97 + 6 + -13 - (11 - (-35 + 14 - -46)).
-90
What is the value of (-2 + 9 - (1 - 0)) + (-316 - (246 - 525))?
-31
Calculate 0 + (-1 - ((-6 - 0) + -4) - 91).
-82
What is (0 + -40 + 38 - (0 + 12)) + 73?
59
Calculate 17 + (-4 - 22 - (18 - 34)).
7
Calculate 95 - (0 + -2) - (196 + (-45 - 158)).
104
What is the value of -1 - -14 - (-5 - (7 + (-11 + 3 - 102)))?
-85
What is the value of (1123 + -1087 - (0 - 44)) + 11?
91
96 + (-61 + 69 + 9 - (0 + 13))
100
What is 27 + -44 + 5 + 2 - 10?
-20
What is 26 + (0 - 1) + 6 + 1 + (-29615 - -29606)?
23
Evaluate (-92 - (2 + -2)) + 5 + (72 - 31) + -52.
-98
Calculate 45 - (56 - (-35 + 45)).
-1
1935 + -1969 + 27 + -1
-8
What is 48 + -68 + -15 - -70?
35
Evaluate -688 - -638 - (-11 + 1 + 10 + -11).
-39
-3 - 3 - (-139 + (3 + -15 - -5) - -12)
128
Calculate -32 + -22 + 47 + -6.
-13
What is the value of -50 + (-43 - ((-73 - 30) + 49))?
-39
What is 0 - 9 - (10409 - 10311)?
-107
What is 18 + -16 + 1 + 1 - (-5 + 9)?
0
86 + (30 + (-7 - 15) - 22)
72
What is -181 - (-261 + 87) - (-75 + -1 + 3)?
66
What is the value of (-58 - -26 - 91) + (26 - 15 - 24)?
-136
Evaluate ((-33 - -26) + -4 - -16) + (-2 - (20 - 0)).
-17
Evaluate (11 - (2 + -2 + 2)) + -55 + 46 + 73.
73
Calculate -55 + (-10 - -26) - (27 - (-23 + 46)).
-43
8 + 17 + -9 - (403 - 267)
-120
Calculate 73 + -27 + -54 - (6 + -6 + -24).
16
What is (-35 - -44) + (44 - 119)?
-66
Evaluate (-28 - (3 + -1) - (-8 - 4)) + 11.
-7
12 - (30 + (3 + 11 - 10) + -18)
-4
Calculate 34 - (2 - -11 - (-115 - -62)).
-32
Evaluate 25 - (0 + 2 + (36 - 30)).
17
What is the value of -32 + (-70 - -107) + 22?
27
Calculate -3 - 5 - (-3 + (34 - 17)) - -1.
-21
-74 + -6 + 65 - (1 - 1) - (-3 + 62)
-74
Calculate 98 + -44 + 25 - 14.
65
What is the value of -801 + 800 + 36 + (-3 - -3)?
35
Calculate 120 + -53 + (1 - 0) + -7 + 24 + -16.
69
Wh